te the remainder when 162 is divided by v.
48
Let p be 168/(-30)*-20*1. Suppose 0 = l - 5*l + p. Calculate the remainder when 28 is divided by 4/(-14) - (-288)/l.
8
Suppose -4*h + 5*o = -183, -2*h + 3*h = 3*o + 44. Calculate the remainder when 128 is divided by h.
34
Let h(d) = -5*d**2 + 19*d + 8. Let q be h(6). Let s = -47 - q. What is the remainder when 18 is divided by s?
7
Suppose 4*h - 5 = -h. Let w(m) = 4*m - 1. Let p be w(h). Suppose 54 = 3*c + p. Calculate the remainder when 32 is divided by c.
15
Suppose 2*s = 2, -37 + 8 = -5*g - 4*s. Suppose g*m = m + 132. Calculate the remainder when 63 is divided by m.
30
Suppose 211 = 2*o + 45. Suppose c + 0*c + 2 = 0, -4*c = -5*b + o. Calculate the remainder when b is divided by -1*(0/(-1) + -9).
6
Suppose 29*x = 27*x + 62. Suppose -2*q - 2 = 0, 2*y - x = 2*q + 27. What is the remainder when y is divided by 10?
8
Let j(h) = -4*h. Let i be j(-3). Suppose 0 = -i*u + u + 88. Calculate the remainder when 20 is divided by u.
4
Calculate the remainder when (-4701)/(-9) + 4 - (-2)/(-6) is divided by 22.
20
Calculate the remainder when 137 is divided by (5 - -3)*1*26/8.
7
Let m(o) be the first derivative of 3*o**2 - 4*o + 34. Calculate the remainder when 53 is divided by m(3).
11
Calculate the remainder when -1*(3640/(-12) + 2/6) is divided by 16.
15
Let l(k) = 108*k - 121. What is the remainder when l(2) is divided by 26?
17
Let n(g) = -g**3 + 4*g**2 - g - 1. Let f be n(4). Let k = f - 9. Let a = k + 64. Calculate the remainder when a is divided by 13.
11
Let k(j) = j**2 - 8*j + 339 + 0*j**2 - 318. Calculate the remainder when (74/2)/(-1 - -2) is divided by k(7).
9
Let d(o) = 2*o**2 - 38*o + 3. Let f be d(19). Suppose -2*n - 18 = -v, 5*v - f*v - 3*n - 32 = 0. Calculate the remainder when 24 is divided by v.
4
Let l = -84 + 69. Calculate the remainder when (4 + 1)*(-129)/l is divided by 26.
17
Calculate the remainder when 4 is divided by (-11)/(66/(-4))*(-3)/(-1).
0
Let h = 23 + -25. Let s(a) be the third derivative of -5*a**4/24 + 2*a**3/3 - 2*a**2. Calculate the remainder when s(h) is divided by 5.
4
Let f be -65*(-1 - -2)*(-4)/4. Suppose -185 = -10*l + f. What is the remainder when l is divided by 11?
3
Suppose 0 = -32*n + 47*n - 465. What is the remainder when n is divided by 8?
7
Suppose 0 = -5*g + 51 + 54. Suppose l - 5*y - 33 = 0, 3*l - 5*y = 38 + g. What is the remainder when 25 is divided by l?
12
Suppose -5*s + 72 = -3*x, -33 = 4*s - 2*x - 89. What is the remainder when 1 + 7*s/4 is divided by 5?
2
Suppose -8*r = 116 - 308. Let y = 100 + -27. Suppose 4*v = -2*h + y + 23, v = h - 45. What is the remainder when h is divided by r?
22
Let r = 355 + -341. Calculate the remainder when 35 is divided by r.
7
Let p(o) = o**3 - 18*o**2 + 23*o - 92. Let t(s) = 5*s**3 - 2*s**2 + 2*s + 1. Calculate the remainder when t(2) is divided by p(17).
7
What is the remainder when ((-72)/20)/((-1)/5) is divided by 6?
0
Suppose -88*g + 23 = -87*g. Calculate the remainder when 2275 is divided by g.
21
Let c = 2204 - 2152. What is the remainder when 342 is divided by c?
30
Suppose 3*u - 2*l - 351 = 0, -5*u + 585 = 3*l - 4*l. What is the remainder when u is divided by (-366)/(-6) - (-1 + 1)?
56
Suppose 0 = z + 4*r - 66, -2*z - 5*r = -141 + 3. Let i(o) = -o**2 - 5*o + 6. Let j be i(-5). Calculate the remainder when z is divided by 118/6 + (-4)/j.
17
Let k = 299 - 275. Calculate the remainder when 95 is divided by k.
23
Let m = 241 - 173. Calculate the remainder when 335 is divided by m.
63
Let q = 736 - 734. Suppose 5*o + 5*x - 25 = 0, -4*o = -o + x - 19. Calculate the remainder when o is divided by q.
1
Suppose 2*c + 5*s = 7*s + 228, -4*s + 210 = 2*c. Suppose 0 = 5*f + 26 - 556. Calculate the remainder when c is divided by f/4 + (-48)/(-32).
27
Let r(q) = 11*q**2 + 4*q - 5. Let f be r(2). Suppose -3*w + 235 = 2*w + 5*c, -3*c = -w + f. Calculate the remainder when w is divided by 24.
23
Let f be 20/2 + (0 - 1). Suppose -f*c + 174 = -195. What is the remainder when c is divided by 15?
11
Suppose 3*n + 0*n + 594 = 0. Let p(f) = -5*f**3 - f**2 - f - 1. What is the remainder when (-1*1)/(18/n) is divided by p(-1)?
3
Let b(v) = -7*v - 2*v**2 + 3*v**2 + 13 + 2*v**2 - 4*v**2. Calculate the remainder when b(-8) is divided by 4.
1
Suppose -4*p + 155 = -81. Suppose 7*z - 24 = -j + 6*z, 5*j + 3*z = 114. What is the remainder when p is divided by j?
17
Let s be 17/(-51) + (-22)/6. Calculate the remainder when (-18)/s*(15 + (-8 - -5)) is divided by 20.
14
Let k(i) be the second derivative of -i**5/20 - 25*i**4/12 - 25*i**3/6 - 19*i**2/2 - 23*i. Calculate the remainder when 58 is divided by k(-24).
3
Let f = 13 - 1. Calculate the remainder when ((-87)/f)/((-3)/12) is divided by 9.
2
Let b be (16/(-6) - -2)/((-3)/216). What is the remainder when ((-11)/4)/((-12)/b) is divided by 8?
3
Suppose -a = -3*r + 188 + 43, 93 = r + 5*a. Suppose -2*x = -x - r. Calculate the remainder when x is divided by 8.
6
Suppose s + 7 = 3. Calculate the remainder when (-310)/(-4) + (-2)/s is divided by 20.
18
Suppose -4*j + 2*f = 4*f - 6, -4*j - 5*f = -21. Let q(g) = -g**2 + 9*g - 3. Calculate the remainder when q(4) is divided by -9*((-12)/9)/(-2)*j.
5
Let y be 28/6 + -1 + (-4)/6. Suppose 0 = -y*a + 8*a - 255. Calculate the remainder when a is divided by 30.
21
Let a(z) = -5*z - 8. Let c be a(9). Let m = 79 + c. Suppose 2 = -v + 11. What is the remainder when m is divided by v?
8
Let b(z) = 20*z - 1. What is the remainder when b(2) is divided by 4/8*42 - 11?
9
Let j be (-9)/(2 + -5) + -28 + 1. Let p(n) = n**3 + 23*n**2 - 25*n - 6. What is the remainder when p(j) is divided by 7?
4
Let r(m) = -2*m**2 - 7*m - 4. Let d be ((-21)/(-14))/(6/(-16)). Let b be r(d). Let y = 63 + b. What is the remainder when y is divided by 14?
13
Suppose 9*b - 12 - 24 = 0. Suppose 0 = -4*f - 4*z - 12, -f + b*z + 19 = 2*f. Calculate the remainder when (f/(-2))/((-4)/568) is divided by 18.
17
Let r = -13 - 0. Let d = 14 + r. Let h = 5 + -2. Calculate the remainder when h is divided by d.
0
Let n = 951 + -834. What is the remainder when n is divided by 95?
22
Let h(z) = z**2 - 27*z + 37. Calculate the remainder when h(30) is divided by 19.
13
Let r = -142 - -229. Calculate the remainder when r is divided by 5.
2
Let p = -6 - -8. Suppose -5*z = -4*h - 52, p*h - 24 = -5*z + 10. Suppose -3*r + 10 = -z. Calculate the remainder when r is divided by 4.
2
Suppose -60 = -7*w + 360. Calculate the remainder when (4 - 5)/(4/(-712)) is divided by w.
58
Let y = -16 - -22. Suppose y*j - 45 = j. What is the remainder when 43 is divided by j?
7
Suppose 2*k + l = 2*l - 8, -3*l - 12 = 0. What is the remainder when (14/3)/((-2)/k) is divided by 1*3 - (-2 + 1)?
2
Let j(y) = -y**3 - 2*y**2 + 3*y + 3. Let t be j(-2). Let g be t*(3 - (-12)/(-3)). Suppose 14 = -g*x + 5*x. Calculate the remainder when 11 is divided by x.
4
Let r(p) be the first derivative of -p**4/2 - p**3 - p**2 + 2*p + 5. Let z be r(-4). Calculate the remainder when 42 is divided by (-4)/6*z/(-4).
12
Let v(p) = 3*p**2 - 17*p - 47. What is the remainder when v(-9) is divided by 42?
13
Let y(t) = 4*t + 1. Let b be y(1). Suppose -5*w - 3*x - 30 + 165 = 0, -b*x - 27 = -w. What is the remainder when w is divided by -2 - 9/(-3) - -6?
6
Let m be 60/14 - 3*8/84. Let i(k) = 32*k + 9. What is the remainder when i(m) is divided by 46?
45
Suppose 5*h - 2*u - 250 = 0, -3*u = -4*h - 0*h + 200. What is the remainder when 3/(6/h)*1 is divided by 9?
7
What is the remainder when ((-5220)/(-150))/(2/5) is divided by 40?
7
Suppose 4*b - 29 = 3. Suppose d + 20 = 5*d. Suppose d*u - 4*g - 142 = 0, 4*u = u - 5*g + 100. Calculate the remainder when u is divided by b.
6
Let r(i) = i**3 - 10*i**2 + 6*i - 5. What is the remainder when 383 is divided by r(10)?
53
Let w = 1696 - 829. Suppose 9*k - w = -120. Calculate the remainder when k is divided by 30.
23
Suppose 0 = 4*p - 40 + 20. Suppose d = -0*d, 0 = -p*g + 4*d + 55. What is the remainder when 52 is divided by g?
8
Let d = -5 - -17. Let u be (10 + 0)/(2/(-12)). Let c = u + 106. Calculate the remainder when c is divided by d.
10
Suppose 5*t = 10, 2*q - 4*t + 3 = 5. Suppose -3*a - 2 = 4*o, 4*o - 3 = q*a + 11. Suppose -o + 7 = 2*b. Calculate the remainder when 16 is divided by b.
1
Suppose 2650 = -85*x + 110*x. 